e the greatest common factor of 4876 and 99084.
92
Calculate the greatest common divisor of 1273 and 1587029.
67
What is the greatest common divisor of 4378 and 7363?
199
Calculate the highest common factor of 46383 and 69.
3
Calculate the highest common factor of 10495 and 7145.
5
Calculate the highest common factor of 935221 and 1537.
29
Calculate the highest common divisor of 359872 and 448.
64
Calculate the highest common divisor of 3 and 60037437.
3
Calculate the highest common factor of 909961 and 3120.
13
Calculate the highest common divisor of 8823 and 3698913.
519
Calculate the greatest common factor of 609 and 882651.
21
What is the greatest common divisor of 15395660 and 52801?
2779
Calculate the highest common factor of 107 and 83288907.
107
What is the highest common factor of 123 and 56167294?
41
What is the greatest common factor of 55304 and 62663?
223
Calculate the highest common factor of 88 and 864294442.
22
Calculate the greatest common factor of 2 and 7125122.
2
What is the greatest common divisor of 14483337 and 726?
363
Calculate the highest common divisor of 2499248 and 18100.
724
What is the greatest common divisor of 415405842 and 18?
6
What is the highest common factor of 270856634 and 4666?
4666
What is the highest common divisor of 202624 and 359488?
64
Calculate the greatest common factor of 72604942 and 282.
94
What is the greatest common factor of 7509392 and 132?
44
Calculate the greatest common divisor of 387015 and 13860.
15
Calculate the highest common divisor of 739616 and 896.
32
Calculate the greatest common factor of 535 and 71781485.
535
Calculate the highest common divisor of 3883 and 664026.
11
What is the highest common factor of 735 and 191979648?
147
What is the greatest common divisor of 2589550 and 134?
134
Calculate the greatest common divisor of 655699 and 143.
11
Calculate the highest common factor of 5192 and 347170868.
2596
What is the highest common factor of 315396 and 8032?
4
Calculate the highest common divisor of 143 and 32246214.
143
Calculate the greatest common factor of 179375 and 88750.
625
Calculate the highest common factor of 107085 and 86730.
885
Calculate the greatest common divisor of 2014752 and 66712.
248
What is the greatest common divisor of 288 and 73747308?
12
What is the highest common divisor of 388406124 and 54?
54
Calculate the greatest common divisor of 59665 and 978506.
11933
What is the greatest common factor of 3244 and 22196?
4
What is the highest common divisor of 3965 and 2387723?
793
What is the greatest common factor of 1782 and 280452942?
1782
Calculate the greatest common factor of 10 and 157476365.
5
What is the highest common factor of 65402963 and 2263?
2263
Calculate the greatest common divisor of 7260 and 167820.
60
Calculate the highest common factor of 145494 and 53841.
411
What is the highest common divisor of 3 and 3950031?
3
Calculate the greatest common factor of 4421466 and 128.
2
Calculate the highest common divisor of 12 and 45303993.
3
What is the greatest common divisor of 4 and 213455396?
4
What is the highest common factor of 1750 and 4126250?
250
What is the greatest common divisor of 1224 and 2257002?
18
What is the greatest common divisor of 25612 and 36240306?
674
What is the greatest common factor of 11703 and 1008996?
141
What is the highest common divisor of 1410994 and 1040?
26
Calculate the greatest common divisor of 28 and 273260988.
28
What is the greatest common factor of 15417 and 1037259?
27
Calculate the highest common factor of 17640 and 15803235.
2205
Calculate the highest common divisor of 67414 and 4870206.
1822
What is the greatest common factor of 198326573 and 221?
17
What is the highest common divisor of 94400303 and 6026?
3013
What is the greatest common factor of 763715 and 228275?
115
Calculate the greatest common divisor of 12 and 42969232.
4
Calculate the greatest common factor of 28337 and 125861.
43
What is the highest common factor of 31933034 and 7?
7
Calculate the greatest common factor of 100 and 305068300.
100
What is the greatest common divisor of 1488314 and 14004?
778
Calculate the highest common factor of 1128 and 340832532.
564
Calculate the highest common divisor of 66 and 66733062.
66
Calculate the greatest common divisor of 23980509 and 1629.
1629
What is the greatest common divisor of 42980 and 35950621?
2149
What is the highest common divisor of 2324 and 540?
4
What is the greatest common factor of 10230115 and 82?
41
Calculate the highest common divisor of 378 and 1511636.
14
What is the greatest common divisor of 93683668 and 78?
26
What is the greatest common divisor of 116211 and 159?
3
Calculate the highest common factor of 10116617 and 763.
763
Calculate the highest common factor of 1191 and 99923709.
1191
What is the greatest common divisor of 1597896 and 438?
6
What is the greatest common factor of 612 and 16207596?
612
What is the greatest common divisor of 577107988 and 1301?
1301
Calculate the greatest common factor of 351178640 and 40.
40
Calculate the greatest common factor of 115146 and 71208.
18
Calculate the highest common divisor of 32038149 and 78.
39
Calculate the highest common factor of 1730 and 813914830.
1730
What is the highest common divisor of 11737375 and 8155?
1165
What is the highest common factor of 10659 and 22532157?
969
Calculate the greatest common factor of 30801 and 345104671.
10267
What is the highest common factor of 40608 and 11246256?
432
Calculate the greatest common divisor of 37234080 and 1664.
416
What is the highest common factor of 7514 and 99034?
26
Calculate the highest common divisor of 12192 and 8396859.
381
What is the greatest common factor of 8893084 and 1336?
668
Calculate the greatest common divisor of 1403 and 25470062.
1403
Calculate the greatest common factor of 12 and 92779068.
12
What is the greatest common divisor of 855603 and 187110?
1701
What is the greatest common divisor of 12667266 and 138?
6
What is the greatest common factor of 1177 and 951551?
107
What is the highest common divisor of 350 and 5229784?
14
Calculate the greatest common divisor of 51207935 and 10533.
3511
Calculate the highest common divisor of 104 and 430052324.
52
What is the greatest common divisor of 3862590 and 33644?
1294
What is the greatest common divisor of 6466 and 11872?
106
What is the greatest common divisor of 7 and 2878813?
7
What is the highest common divisor of 991575 and 432?
27
What is the greatest common divisor of 6572 and 260696453?
1643
What is the greatest common divisor of 15265743 and 3189?
3189
What is the greatest common divisor of 1247 and 39364049?
1247
Calculate the greatest common divisor of 684662 and 86.
2
Calculate the greatest common divisor of 620 and 1800085060.
620
Calculate the highest common divisor of 7191000 and 12000.
3000
What is the highest common factor of 803094 and 3767226?
822
What is the highest common factor of 523146 and 102999?
741
Calculate the highest common factor of 61788 and 422484.
228
Calculate the highest common factor of 64990 and 18290.
10
What is the greatest common divisor of 116458 and 8018?
2
Calculate the highest common factor of 21010 and 10070.
10
Calculate the greatest common divisor of 170877 and 83327.
103
Calculate the highest common factor of 9481 and 192869.
19
What is the highest common divisor of 7770 and 147904540?
2590
What is the highest common factor of 5000 and 748675?
25
What is the highest common factor of 46845970 and 90?
10
What is the highest common divisor of 56699 and 139358?
59
Calculate the highest common factor of 3576 and 98106368.
1192
Calculate the highest common divisor of 45379 and 32461769.
1973
What is the greatest common factor of 18683 and 828835?
119
Calculate the greatest common divisor of 10880729 and 2096.
131
Calculate the highest common factor of 148 and 147904.
4
What is the highest common divisor of 226342789 and 967?
967
What is the greatest common divisor of 344 and 254763304?
344
What is the highest common factor of 1046133 and 18?
9
What is the highest common factor of 7038 and 217626?
138
Calculate the highest common divisor of 21828090 and 600.
30
Calculate the greatest common factor of 6482 and 107044.
14
Calculate the greatest common facto